
{"id":2914,"date":"2019-01-20T14:52:19","date_gmt":"2019-01-20T13:52:19","guid":{"rendered":"https:\/\/www.serf.fr\/non%20class\u00e9\/cotili-novae\/"},"modified":"2025-09-02T13:51:27","modified_gmt":"2025-09-02T11:51:27","slug":"gamma-novae-coppe-doppia-mobilita","status":"publish","type":"product","link":"https:\/\/www.serf.fr\/it\/professionale\/anca\/gamma-novae-coppe-doppia-mobilita\/","title":{"rendered":"<em>Cotili<\/em> NOVAE\u00ae"},"content":{"rendered":"","protected":false},"excerpt":{"rendered":"<p><strong>La gamma Novae<sup>\u00ae<\/sup><\/strong> si basa sul concetto di <strong>Doppia Mobilit\u00e0<\/strong> inventato nel 1975 dal Prof. Gilles BOUSQUET (Ospedale Universitario di Saint Etienne) e da Andr\u00e9 RAMBERT, fondatore di SERF.<\/p>\n<p>La doppia mobilit\u00e0 nasce dalla combinazione di due principi dell&#8217;ortopedia:<\/p>\n<ul>\n<li><strong>Il concetto di low friction di Sir Charnley<\/strong>: utilizzo di un grande spessore di PE con una piccola testa di 22,2 mm per ridurre l&#8217;usura.<\/li>\n<li><strong>l concetto di Mac Kee &#8211; Farrar<\/strong>: utilizzo di una testa di grande diametro per ridurre il rischio di lussazione e l\u2019instabilit\u00e0 della protesi.<\/li>\n<\/ul>\n<p>La doppia mobilit\u00e0 \u00e8 costituita da due articolazioni:<\/p>\n<ul>\n<li><strong>La piccola articolazione<\/strong> (o <strong>prima mobilit\u00e0<\/strong>): articolazione della testa protesica nell&#8217;inserto.<\/li>\n<li><strong>La grande articolazione<\/strong> (o <strong>seconda mobilit\u00e0<\/strong>): l&#8217;articolazione dell&#8217;inserto nel cotile.<\/li>\n<\/ul>\n<p>&nbsp;<\/p>\n","protected":false},"featured_media":699,"template":"","meta":{"_acf_changed":false,"inline_featured_image":false},"product_brand":[],"product_cat":[57],"product_tag":[],"class_list":{"0":"post-2914","1":"product","2":"type-product","3":"status-publish","4":"has-post-thumbnail","5":"product_cat-anca","7":"first","8":"instock","9":"featured","10":"shipping-taxable","11":"product-type-simple"},"acf":[],"yoast_head":"<!-- This site is optimized with the Yoast SEO plugin v27.5 - https:\/\/yoast.com\/product\/yoast-seo-wordpress\/ -->\n<title>Cotili NOVAE\u00ae &#8226; SERF<\/title>\n<meta name=\"robots\" content=\"index, follow, max-snippet:-1, max-image-preview:large, max-video-preview:-1\" \/>\n<link rel=\"canonical\" href=\"https:\/\/www.serf.fr\/it\/professionale\/anca\/gamma-novae-coppe-doppia-mobilita\/\" \/>\n<meta property=\"og:locale\" content=\"it_IT\" \/>\n<meta property=\"og:type\" content=\"article\" \/>\n<meta property=\"og:title\" content=\"Cotili NOVAE\u00ae &#8226; SERF\" \/>\n<meta property=\"og:description\" content=\"La gamma Novae\u00ae si basa sul concetto di Doppia Mobilit\u00e0 inventato nel 1975 dal Prof. Gilles BOUSQUET (Ospedale Universitario di Saint Etienne) e da Andr\u00e9 RAMBERT, fondatore di SERF.  La doppia mobilit\u00e0 nasce dalla combinazione di due principi dell&#039;ortopedia:   Il concetto di low friction di Sir Charnley: utilizzo di un grande spessore di PE con una piccola testa di 22,2 mm per ridurre l&#039;usura.  l concetto di Mac Kee - Farrar: utilizzo di una testa di grande diametro per ridurre il rischio di lussazione e l\u2019instabilit\u00e0 della protesi.  La doppia mobilit\u00e0 \u00e8 costituita da due articolazioni:   La piccola articolazione (o prima mobilit\u00e0): articolazione della testa protesica nell&#039;inserto.  La grande articolazione (o seconda mobilit\u00e0): l&#039;articolazione dell&#039;inserto nel cotile.  &nbsp;\" \/>\n<meta property=\"og:url\" content=\"https:\/\/www.serf.fr\/it\/professionale\/anca\/gamma-novae-coppe-doppia-mobilita\/\" \/>\n<meta property=\"og:site_name\" content=\"SERF\" \/>\n<meta property=\"article:modified_time\" content=\"2025-09-02T11:51:27+00:00\" \/>\n<meta name=\"twitter:card\" content=\"summary_large_image\" \/>\n<script type=\"application\/ld+json\" class=\"yoast-schema-graph\">{\"@context\":\"https:\\\/\\\/schema.org\",\"@graph\":[{\"@type\":\"WebPage\",\"@id\":\"https:\\\/\\\/www.serf.fr\\\/it\\\/professionale\\\/anca\\\/gamma-novae-coppe-doppia-mobilita\\\/\",\"url\":\"https:\\\/\\\/www.serf.fr\\\/it\\\/professionale\\\/anca\\\/gamma-novae-coppe-doppia-mobilita\\\/\",\"name\":\"Cotili NOVAE\u00ae &#8226; SERF\",\"isPartOf\":{\"@id\":\"https:\\\/\\\/www.serf.fr\\\/it\\\/#website\"},\"primaryImageOfPage\":{\"@id\":\"https:\\\/\\\/www.serf.fr\\\/it\\\/professionale\\\/anca\\\/gamma-novae-coppe-doppia-mobilita\\\/#primaryimage\"},\"image\":{\"@id\":\"https:\\\/\\\/www.serf.fr\\\/it\\\/professionale\\\/anca\\\/gamma-novae-coppe-doppia-mobilita\\\/#primaryimage\"},\"thumbnailUrl\":\"https:\\\/\\\/www.serf.fr\\\/wp-content\\\/uploads\\\/Novae-SunFit-TH-insert-989x1024.jpg\",\"datePublished\":\"2019-01-20T13:52:19+00:00\",\"dateModified\":\"2025-09-02T11:51:27+00:00\",\"breadcrumb\":{\"@id\":\"https:\\\/\\\/www.serf.fr\\\/it\\\/professionale\\\/anca\\\/gamma-novae-coppe-doppia-mobilita\\\/#breadcrumb\"},\"inLanguage\":\"it-IT\",\"potentialAction\":[{\"@type\":\"ReadAction\",\"target\":[\"https:\\\/\\\/www.serf.fr\\\/it\\\/professionale\\\/anca\\\/gamma-novae-coppe-doppia-mobilita\\\/\"]}]},{\"@type\":\"ImageObject\",\"inLanguage\":\"it-IT\",\"@id\":\"https:\\\/\\\/www.serf.fr\\\/it\\\/professionale\\\/anca\\\/gamma-novae-coppe-doppia-mobilita\\\/#primaryimage\",\"url\":\"https:\\\/\\\/www.serf.fr\\\/wp-content\\\/uploads\\\/Novae-SunFit-TH-insert-989x1024.jpg\",\"contentUrl\":\"https:\\\/\\\/www.serf.fr\\\/wp-content\\\/uploads\\\/Novae-SunFit-TH-insert-989x1024.jpg\",\"width\":989,\"height\":1024,\"caption\":\"Cotile Novae\u00ae SunFit TH\"},{\"@type\":\"BreadcrumbList\",\"@id\":\"https:\\\/\\\/www.serf.fr\\\/it\\\/professionale\\\/anca\\\/gamma-novae-coppe-doppia-mobilita\\\/#breadcrumb\",\"itemListElement\":[{\"@type\":\"ListItem\",\"position\":1,\"name\":\"Home\",\"item\":\"https:\\\/\\\/www.serf.fr\\\/it\\\/\"},{\"@type\":\"ListItem\",\"position\":2,\"name\":\"Boutique\",\"item\":\"https:\\\/\\\/www.serf.fr\\\/?page_id=4\"},{\"@type\":\"ListItem\",\"position\":3,\"name\":\"Cotili NOVAE\u00ae\"}]},{\"@type\":\"WebSite\",\"@id\":\"https:\\\/\\\/www.serf.fr\\\/it\\\/#website\",\"url\":\"https:\\\/\\\/www.serf.fr\\\/it\\\/\",\"name\":\"SERF\",\"description\":\"\",\"potentialAction\":[{\"@type\":\"SearchAction\",\"target\":{\"@type\":\"EntryPoint\",\"urlTemplate\":\"https:\\\/\\\/www.serf.fr\\\/it\\\/?s={search_term_string}\"},\"query-input\":{\"@type\":\"PropertyValueSpecification\",\"valueRequired\":true,\"valueName\":\"search_term_string\"}}],\"inLanguage\":\"it-IT\"}]}<\/script>\n<!-- \/ Yoast SEO plugin. -->","yoast_head_json":{"title":"Cotili NOVAE\u00ae &#8226; SERF","robots":{"index":"index","follow":"follow","max-snippet":"max-snippet:-1","max-image-preview":"max-image-preview:large","max-video-preview":"max-video-preview:-1"},"canonical":"https:\/\/www.serf.fr\/it\/professionale\/anca\/gamma-novae-coppe-doppia-mobilita\/","og_locale":"it_IT","og_type":"article","og_title":"Cotili NOVAE\u00ae &#8226; SERF","og_description":"La gamma Novae\u00ae si basa sul concetto di Doppia Mobilit\u00e0 inventato nel 1975 dal Prof. Gilles BOUSQUET (Ospedale Universitario di Saint Etienne) e da Andr\u00e9 RAMBERT, fondatore di SERF.  La doppia mobilit\u00e0 nasce dalla combinazione di due principi dell'ortopedia:   Il concetto di low friction di Sir Charnley: utilizzo di un grande spessore di PE con una piccola testa di 22,2 mm per ridurre l'usura.  l concetto di Mac Kee - Farrar: utilizzo di una testa di grande diametro per ridurre il rischio di lussazione e l\u2019instabilit\u00e0 della protesi.  La doppia mobilit\u00e0 \u00e8 costituita da due articolazioni:   La piccola articolazione (o prima mobilit\u00e0): articolazione della testa protesica nell'inserto.  La grande articolazione (o seconda mobilit\u00e0): l'articolazione dell'inserto nel cotile.  &nbsp;","og_url":"https:\/\/www.serf.fr\/it\/professionale\/anca\/gamma-novae-coppe-doppia-mobilita\/","og_site_name":"SERF","article_modified_time":"2025-09-02T11:51:27+00:00","twitter_card":"summary_large_image","schema":{"@context":"https:\/\/schema.org","@graph":[{"@type":"WebPage","@id":"https:\/\/www.serf.fr\/it\/professionale\/anca\/gamma-novae-coppe-doppia-mobilita\/","url":"https:\/\/www.serf.fr\/it\/professionale\/anca\/gamma-novae-coppe-doppia-mobilita\/","name":"Cotili NOVAE\u00ae &#8226; SERF","isPartOf":{"@id":"https:\/\/www.serf.fr\/it\/#website"},"primaryImageOfPage":{"@id":"https:\/\/www.serf.fr\/it\/professionale\/anca\/gamma-novae-coppe-doppia-mobilita\/#primaryimage"},"image":{"@id":"https:\/\/www.serf.fr\/it\/professionale\/anca\/gamma-novae-coppe-doppia-mobilita\/#primaryimage"},"thumbnailUrl":"https:\/\/www.serf.fr\/wp-content\/uploads\/Novae-SunFit-TH-insert-989x1024.jpg","datePublished":"2019-01-20T13:52:19+00:00","dateModified":"2025-09-02T11:51:27+00:00","breadcrumb":{"@id":"https:\/\/www.serf.fr\/it\/professionale\/anca\/gamma-novae-coppe-doppia-mobilita\/#breadcrumb"},"inLanguage":"it-IT","potentialAction":[{"@type":"ReadAction","target":["https:\/\/www.serf.fr\/it\/professionale\/anca\/gamma-novae-coppe-doppia-mobilita\/"]}]},{"@type":"ImageObject","inLanguage":"it-IT","@id":"https:\/\/www.serf.fr\/it\/professionale\/anca\/gamma-novae-coppe-doppia-mobilita\/#primaryimage","url":"https:\/\/www.serf.fr\/wp-content\/uploads\/Novae-SunFit-TH-insert-989x1024.jpg","contentUrl":"https:\/\/www.serf.fr\/wp-content\/uploads\/Novae-SunFit-TH-insert-989x1024.jpg","width":989,"height":1024,"caption":"Cotile Novae\u00ae SunFit TH"},{"@type":"BreadcrumbList","@id":"https:\/\/www.serf.fr\/it\/professionale\/anca\/gamma-novae-coppe-doppia-mobilita\/#breadcrumb","itemListElement":[{"@type":"ListItem","position":1,"name":"Home","item":"https:\/\/www.serf.fr\/it\/"},{"@type":"ListItem","position":2,"name":"Boutique","item":"https:\/\/www.serf.fr\/?page_id=4"},{"@type":"ListItem","position":3,"name":"Cotili NOVAE\u00ae"}]},{"@type":"WebSite","@id":"https:\/\/www.serf.fr\/it\/#website","url":"https:\/\/www.serf.fr\/it\/","name":"SERF","description":"","potentialAction":[{"@type":"SearchAction","target":{"@type":"EntryPoint","urlTemplate":"https:\/\/www.serf.fr\/it\/?s={search_term_string}"},"query-input":{"@type":"PropertyValueSpecification","valueRequired":true,"valueName":"search_term_string"}}],"inLanguage":"it-IT"}]}},"jetpack_sharing_enabled":true,"_links":{"self":[{"href":"https:\/\/www.serf.fr\/it\/wp-json\/wp\/v2\/product\/2914","targetHints":{"allow":["GET"]}}],"collection":[{"href":"https:\/\/www.serf.fr\/it\/wp-json\/wp\/v2\/product"}],"about":[{"href":"https:\/\/www.serf.fr\/it\/wp-json\/wp\/v2\/types\/product"}],"wp:featuredmedia":[{"embeddable":true,"href":"https:\/\/www.serf.fr\/it\/wp-json\/wp\/v2\/media\/699"}],"wp:attachment":[{"href":"https:\/\/www.serf.fr\/it\/wp-json\/wp\/v2\/media?parent=2914"}],"wp:term":[{"taxonomy":"product_brand","embeddable":true,"href":"https:\/\/www.serf.fr\/it\/wp-json\/wp\/v2\/product_brand?post=2914"},{"taxonomy":"product_cat","embeddable":true,"href":"https:\/\/www.serf.fr\/it\/wp-json\/wp\/v2\/product_cat?post=2914"},{"taxonomy":"product_tag","embeddable":true,"href":"https:\/\/www.serf.fr\/it\/wp-json\/wp\/v2\/product_tag?post=2914"}],"curies":[{"name":"wp","href":"https:\/\/api.w.org\/{rel}","templated":true}]}}

https://www.serf.fr/non%20classé/cotili-novae/

<p><strong>La gamma Novae<sup>®</sup></strong> si basa sul concetto di <strong>Doppia Mobilità</strong> inventato nel 1975 dal Prof. Gilles BOUSQUET (Ospedale Universitario di Saint Etienne) e da André RAMBERT, fondatore di SERF.</p>
<p>La doppia mobilità nasce dalla combinazione di due principi dell&#8217;ortopedia:</p>
<ul>
<li><strong>Il concetto di low friction di Sir Charnley</strong>: utilizzo di un grande spessore di PE con una piccola testa di 22,2 mm per ridurre l&#8217;usura.</li>
<li><strong>l concetto di Mac Kee &#8211; Farrar</strong>: utilizzo di una testa di grande diametro per ridurre il rischio di lussazione e l’instabilità della protesi.</li>
</ul>
<p>La doppia mobilità è costituita da due articolazioni:</p>
<ul>
<li><strong>La piccola articolazione</strong> (o <strong>prima mobilità</strong>): articolazione della testa protesica nell&#8217;inserto.</li>
<li><strong>La grande articolazione</strong> (o <strong>seconda mobilità</strong>): l&#8217;articolazione dell&#8217;inserto nel cotile.</li>
</ul>
<p>&nbsp;</p>

<!-- This site is optimized with the Yoast SEO plugin v27.5 - https://yoast.com/product/yoast-seo-wordpress/ -->
<title>Cotili NOVAE® &#8226; SERF</title>
<meta name="robots" content="index, follow, max-snippet:-1, max-image-preview:large, max-video-preview:-1" />
<link rel="canonical" href="https://www.serf.fr/it/professionale/anca/gamma-novae-coppe-doppia-mobilita/" />
<meta property="og:locale" content="it_IT" />
<meta property="og:type" content="article" />
<meta property="og:title" content="Cotili NOVAE® &#8226; SERF" />
<meta property="og:description" content="La gamma Novae® si basa sul concetto di Doppia Mobilità inventato nel 1975 dal Prof. Gilles BOUSQUET (Ospedale Universitario di Saint Etienne) e da André RAMBERT, fondatore di SERF.  La doppia mobilità nasce dalla combinazione di due principi dell&#039;ortopedia:   Il concetto di low friction di Sir Charnley: utilizzo di un grande spessore di PE con una piccola testa di 22,2 mm per ridurre l&#039;usura.  l concetto di Mac Kee - Farrar: utilizzo di una testa di grande diametro per ridurre il rischio di lussazione e l’instabilità della protesi.  La doppia mobilità è costituita da due articolazioni:   La piccola articolazione (o prima mobilità): articolazione della testa protesica nell&#039;inserto.  La grande articolazione (o seconda mobilità): l&#039;articolazione dell&#039;inserto nel cotile.  &nbsp;" />
<meta property="og:url" content="https://www.serf.fr/it/professionale/anca/gamma-novae-coppe-doppia-mobilita/" />
<meta property="og:site_name" content="SERF" />
<meta property="article:modified_time" content="2025-09-02T11:51:27+00:00" />
<meta name="twitter:card" content="summary_large_image" />
<script type="application/ld+json" class="yoast-schema-graph">{"@context":"https:\/\/schema.org","@graph":[{"@type":"WebPage","@id":"https:\/\/www.serf.fr\/it\/professionale\/anca\/gamma-novae-coppe-doppia-mobilita\/","url":"https:\/\/www.serf.fr\/it\/professionale\/anca\/gamma-novae-coppe-doppia-mobilita\/","name":"Cotili NOVAE® &#8226; SERF","isPartOf":{"@id":"https:\/\/www.serf.fr\/it\/#website"},"primaryImageOfPage":{"@id":"https:\/\/www.serf.fr\/it\/professionale\/anca\/gamma-novae-coppe-doppia-mobilita\/#primaryimage"},"image":{"@id":"https:\/\/www.serf.fr\/it\/professionale\/anca\/gamma-novae-coppe-doppia-mobilita\/#primaryimage"},"thumbnailUrl":"https:\/\/www.serf.fr\/wp-content\/uploads\/Novae-SunFit-TH-insert-989x1024.jpg","datePublished":"2019-01-20T13:52:19+00:00","dateModified":"2025-09-02T11:51:27+00:00","breadcrumb":{"@id":"https:\/\/www.serf.fr\/it\/professionale\/anca\/gamma-novae-coppe-doppia-mobilita\/#breadcrumb"},"inLanguage":"it-IT","potentialAction":[{"@type":"ReadAction","target":["https:\/\/www.serf.fr\/it\/professionale\/anca\/gamma-novae-coppe-doppia-mobilita\/"]}]},{"@type":"ImageObject","inLanguage":"it-IT","@id":"https:\/\/www.serf.fr\/it\/professionale\/anca\/gamma-novae-coppe-doppia-mobilita\/#primaryimage","url":"https:\/\/www.serf.fr\/wp-content\/uploads\/Novae-SunFit-TH-insert-989x1024.jpg","contentUrl":"https:\/\/www.serf.fr\/wp-content\/uploads\/Novae-SunFit-TH-insert-989x1024.jpg","width":989,"height":1024,"caption":"Cotile Novae® SunFit TH"},{"@type":"BreadcrumbList","@id":"https:\/\/www.serf.fr\/it\/professionale\/anca\/gamma-novae-coppe-doppia-mobilita\/#breadcrumb","itemListElement":[{"@type":"ListItem","position":1,"name":"Home","item":"https:\/\/www.serf.fr\/it\/"},{"@type":"ListItem","position":2,"name":"Boutique","item":"https:\/\/www.serf.fr\/?page_id=4"},{"@type":"ListItem","position":3,"name":"Cotili NOVAE®"}]},{"@type":"WebSite","@id":"https:\/\/www.serf.fr\/it\/#website","url":"https:\/\/www.serf.fr\/it\/","name":"SERF","description":"","potentialAction":[{"@type":"SearchAction","target":{"@type":"EntryPoint","urlTemplate":"https:\/\/www.serf.fr\/it\/?s={search_term_string}"},"query-input":{"@type":"PropertyValueSpecification","valueRequired":true,"valueName":"search_term_string"}}],"inLanguage":"it-IT"}]}</script>
<!-- / Yoast SEO plugin. -->

La gamma Novae® si basa sul concetto di Doppia Mobilità inventato nel 1975 dal Prof. Gilles BOUSQUET (Ospedale Universitario di Saint Etienne) e da André RAMBERT, fondatore di SERF.  La doppia mobilità nasce dalla combinazione di due principi dell'ortopedia:   Il concetto di low friction di Sir Charnley: utilizzo di un grande spessore di PE con una piccola testa di 22,2 mm per ridurre l'usura.  l concetto di Mac Kee - Farrar: utilizzo di una testa di grande diametro per ridurre il rischio di lussazione e l’instabilità della protesi.  La doppia mobilità è costituita da due articolazioni:   La piccola articolazione (o prima mobilità): articolazione della testa protesica nell'inserto.  La grande articolazione (o seconda mobilità): l'articolazione dell'inserto nel cotile.  &nbsp;
